{"id":1038,"date":"2021-09-24T13:58:57","date_gmt":"2021-09-24T16:58:57","guid":{"rendered":"https:\/\/blog.revenf.org\/wp-content\/uploads\/2021\/09\/Imagem_As-tend\u00eancias-do-suic\u00eddio-por-autointoxica\u00e7\u00e3o-entre-adolescentes-e-jovens-causam-preocupa\u00e7\u00e3o.jpg"},"modified":"2021-09-24T13:58:57","modified_gmt":"2021-09-24T16:58:57","slug":"imagem_as-tendencias-do-suicidio-por-autointoxicacao-entre-adolescentes-e-jovens-causam-preocupacao-2","status":"inherit","type":"attachment","link":"https:\/\/blog.revenf.org\/en\/imagem_as-tendencias-do-suicidio-por-autointoxicacao-entre-adolescentes-e-jovens-causam-preocupacao-2\/","title":{"rendered":"Imagem_As tend\u00eancias do suic\u00eddio por autointoxica\u00e7\u00e3o entre adolescentes e jovens causam preocupa\u00e7\u00e3o"},"author":1,"featured_media":0,"comment_status":"open","ping_status":"closed","template":"","meta":{"_monsterinsights_skip_tracking":false,"_monsterinsights_sitenote_active":false,"_monsterinsights_sitenote_note":"","_monsterinsights_sitenote_category":0,"_links_to":"","_links_to_target":""},"class_list":["post-1038","attachment","type-attachment","status-inherit","hentry"],"aioseo_notices":[],"description":{"rendered":"<p class=\"attachment\"><a href='https:\/\/blog.revenf.org\/wp-content\/uploads\/2021\/09\/Imagem_As-tend\u00eancias-do-suic\u00eddio-por-autointoxica\u00e7\u00e3o-entre-adolescentes-e-jovens-causam-preocupa\u00e7\u00e3o.jpg'><img loading=\"lazy\" decoding=\"async\" width=\"300\" height=\"169\" src=\"https:\/\/blog.revenf.org\/wp-content\/uploads\/2021\/09\/Imagem_As-tend\u00eancias-do-suic\u00eddio-por-autointoxica\u00e7\u00e3o-entre-adolescentes-e-jovens-causam-preocupa\u00e7\u00e3o-300x169.jpg\" class=\"attachment-medium size-medium\" alt=\"\" srcset=\"https:\/\/blog.revenf.org\/wp-content\/uploads\/2021\/09\/Imagem_As-tend\u00eancias-do-suic\u00eddio-por-autointoxica\u00e7\u00e3o-entre-adolescentes-e-jovens-causam-preocupa\u00e7\u00e3o-300x169.jpg 300w, https:\/\/blog.revenf.org\/wp-content\/uploads\/2021\/09\/Imagem_As-tend\u00eancias-do-suic\u00eddio-por-autointoxica\u00e7\u00e3o-entre-adolescentes-e-jovens-causam-preocupa\u00e7\u00e3o-150x84.jpg 150w, https:\/\/blog.revenf.org\/wp-content\/uploads\/2021\/09\/Imagem_As-tend\u00eancias-do-suic\u00eddio-por-autointoxica\u00e7\u00e3o-entre-adolescentes-e-jovens-causam-preocupa\u00e7\u00e3o.jpg 471w\" sizes=\"auto, (max-width: 300px) 100vw, 300px\" \/><\/a><\/p>\n"},"caption":{"rendered":""},"alt_text":"","media_type":"image","mime_type":"image\/jpeg","media_details":{"width":471,"height":265,"file":"2021\/09\/Imagem_As-tend\u00eancias-do-suic\u00eddio-por-autointoxica\u00e7\u00e3o-entre-adolescentes-e-jovens-causam-preocupa\u00e7\u00e3o.jpg","sizes":{"medium":{"file":"Imagem_As-tend\u00eancias-do-suic\u00eddio-por-autointoxica\u00e7\u00e3o-entre-adolescentes-e-jovens-causam-preocupa\u00e7\u00e3o-300x169.jpg","width":300,"height":169,"mime_type":"image\/jpeg","source_url":"https:\/\/blog.revenf.org\/wp-content\/uploads\/2021\/09\/Imagem_As-tend\u00eancias-do-suic\u00eddio-por-autointoxica\u00e7\u00e3o-entre-adolescentes-e-jovens-causam-preocupa\u00e7\u00e3o-300x169.jpg"},"thumbnail":{"file":"Imagem_As-tend\u00eancias-do-suic\u00eddio-por-autointoxica\u00e7\u00e3o-entre-adolescentes-e-jovens-causam-preocupa\u00e7\u00e3o-150x150.jpg","width":150,"height":150,"mime_type":"image\/jpeg","source_url":"https:\/\/blog.revenf.org\/wp-content\/uploads\/2021\/09\/Imagem_As-tend\u00eancias-do-suic\u00eddio-por-autointoxica\u00e7\u00e3o-entre-adolescentes-e-jovens-causam-preocupa\u00e7\u00e3o-150x150.jpg"},"wp_rp_thumbnail":{"file":"Imagem_As-tend\u00eancias-do-suic\u00eddio-por-autointoxica\u00e7\u00e3o-entre-adolescentes-e-jovens-causam-preocupa\u00e7\u00e3o-150x150.jpg","width":150,"height":150,"mime_type":"image\/jpeg","source_url":"https:\/\/blog.revenf.org\/wp-content\/uploads\/2021\/09\/Imagem_As-tend\u00eancias-do-suic\u00eddio-por-autointoxica\u00e7\u00e3o-entre-adolescentes-e-jovens-causam-preocupa\u00e7\u00e3o-150x150.jpg"},"wp_rp_thumbnail_prop":{"file":"Imagem_As-tend\u00eancias-do-suic\u00eddio-por-autointoxica\u00e7\u00e3o-entre-adolescentes-e-jovens-causam-preocupa\u00e7\u00e3o-150x84.jpg","width":150,"height":84,"mime_type":"image\/jpeg","source_url":"https:\/\/blog.revenf.org\/wp-content\/uploads\/2021\/09\/Imagem_As-tend\u00eancias-do-suic\u00eddio-por-autointoxica\u00e7\u00e3o-entre-adolescentes-e-jovens-causam-preocupa\u00e7\u00e3o-150x84.jpg"},"full":{"file":"Imagem_As-tend\u00eancias-do-suic\u00eddio-por-autointoxica\u00e7\u00e3o-entre-adolescentes-e-jovens-causam-preocupa\u00e7\u00e3o.jpg","width":471,"height":265,"mime_type":"image\/jpeg","source_url":"https:\/\/blog.revenf.org\/wp-content\/uploads\/2021\/09\/Imagem_As-tend\u00eancias-do-suic\u00eddio-por-autointoxica\u00e7\u00e3o-entre-adolescentes-e-jovens-causam-preocupa\u00e7\u00e3o.jpg"}},"image_meta":{"aperture":"0","credit":"","camera":"","caption":"","created_timestamp":"0","copyright":"","focal_length":"0","iso":"0","shutter_speed":"0","title":"","orientation":"0","keywords":[]}},"post":null,"source_url":"https:\/\/blog.revenf.org\/wp-content\/uploads\/2021\/09\/Imagem_As-tend\u00eancias-do-suic\u00eddio-por-autointoxica\u00e7\u00e3o-entre-adolescentes-e-jovens-causam-preocupa\u00e7\u00e3o.jpg","_links":{"self":[{"href":"https:\/\/blog.revenf.org\/en\/wp-json\/wp\/v2\/media\/1038","targetHints":{"allow":["GET"]}}],"collection":[{"href":"https:\/\/blog.revenf.org\/en\/wp-json\/wp\/v2\/media"}],"about":[{"href":"https:\/\/blog.revenf.org\/en\/wp-json\/wp\/v2\/types\/attachment"}],"author":[{"embeddable":true,"href":"https:\/\/blog.revenf.org\/en\/wp-json\/wp\/v2\/users\/1"}],"replies":[{"embeddable":true,"href":"https:\/\/blog.revenf.org\/en\/wp-json\/wp\/v2\/comments?post=1038"}]}}

https://blog.revenf.org/wp-content/uploads/2021/09/Imagem_As-tendências-do-suicídio-por-autointoxicação-entre-adolescentes-e-jovens-causam-preocupação.jpg

Imagem_As tendências do suicídio por autointoxicação entre adolescentes e jovens causam preocupação

<p class="attachment"><a href='https://blog.revenf.org/wp-content/uploads/2021/09/Imagem_As-tendências-do-suicídio-por-autointoxicação-entre-adolescentes-e-jovens-causam-preocupação.jpg'><img loading="lazy" decoding="async" width="300" height="169" src="https://blog.revenf.org/wp-content/uploads/2021/09/Imagem_As-tendências-do-suicídio-por-autointoxicação-entre-adolescentes-e-jovens-causam-preocupação-300x169.jpg" class="attachment-medium size-medium" alt="" srcset="https://blog.revenf.org/wp-content/uploads/2021/09/Imagem_As-tendências-do-suicídio-por-autointoxicação-entre-adolescentes-e-jovens-causam-preocupação-300x169.jpg 300w, https://blog.revenf.org/wp-content/uploads/2021/09/Imagem_As-tendências-do-suicídio-por-autointoxicação-entre-adolescentes-e-jovens-causam-preocupação-150x84.jpg 150w, https://blog.revenf.org/wp-content/uploads/2021/09/Imagem_As-tendências-do-suicídio-por-autointoxicação-entre-adolescentes-e-jovens-causam-preocupação.jpg 471w" sizes="auto, (max-width: 300px) 100vw, 300px" /></a></p>

2021/09/Imagem_As-tendências-do-suicídio-por-autointoxicação-entre-adolescentes-e-jovens-causam-preocupação.jpg

Imagem_As-tendências-do-suicídio-por-autointoxicação-entre-adolescentes-e-jovens-causam-preocupação-300x169.jpg

https://blog.revenf.org/wp-content/uploads/2021/09/Imagem_As-tendências-do-suicídio-por-autointoxicação-entre-adolescentes-e-jovens-causam-preocupação-300x169.jpg

Imagem_As-tendências-do-suicídio-por-autointoxicação-entre-adolescentes-e-jovens-causam-preocupação-150x150.jpg

https://blog.revenf.org/wp-content/uploads/2021/09/Imagem_As-tendências-do-suicídio-por-autointoxicação-entre-adolescentes-e-jovens-causam-preocupação-150x150.jpg

Imagem_As-tendências-do-suicídio-por-autointoxicação-entre-adolescentes-e-jovens-causam-preocupação-150x84.jpg

https://blog.revenf.org/wp-content/uploads/2021/09/Imagem_As-tendências-do-suicídio-por-autointoxicação-entre-adolescentes-e-jovens-causam-preocupação-150x84.jpg

Imagem_As-tendências-do-suicídio-por-autointoxicação-entre-adolescentes-e-jovens-causam-preocupação.jpg
