{"id":1041,"date":"2021-09-24T13:59:01","date_gmt":"2021-09-24T16:59:01","guid":{"rendered":"https:\/\/blog.revenf.org\/wp-content\/uploads\/2021\/09\/Imagem_thumb_As-tend\u00eancias-do-suic\u00eddio-por-autointoxica\u00e7\u00e3o-entre-adolescentes-e-jovens-causam-preocupa\u00e7\u00e3o.jpg"},"modified":"2021-09-24T13:59:01","modified_gmt":"2021-09-24T16:59:01","slug":"imagem_thumb_as-tendencias-do-suicidio-por-autointoxicacao-entre-adolescentes-e-jovens-causam-preocupacao-2","status":"inherit","type":"attachment","link":"https:\/\/blog.revenf.org\/en\/imagem_thumb_as-tendencias-do-suicidio-por-autointoxicacao-entre-adolescentes-e-jovens-causam-preocupacao-2\/","title":{"rendered":"Imagem_thumb_As tend\u00eancias do suic\u00eddio por autointoxica\u00e7\u00e3o entre adolescentes e jovens causam preocupa\u00e7\u00e3o"},"author":1,"featured_media":0,"comment_status":"open","ping_status":"closed","template":"","meta":{"_monsterinsights_skip_tracking":false,"_monsterinsights_sitenote_active":false,"_monsterinsights_sitenote_note":"","_monsterinsights_sitenote_category":0,"_links_to":"","_links_to_target":""},"class_list":["post-1041","attachment","type-attachment","status-inherit","hentry"],"aioseo_notices":[],"description":{"rendered":"<p class=\"attachment\"><a href='https:\/\/blog.revenf.org\/wp-content\/uploads\/2021\/09\/Imagem_thumb_As-tend\u00eancias-do-suic\u00eddio-por-autointoxica\u00e7\u00e3o-entre-adolescentes-e-jovens-causam-preocupa\u00e7\u00e3o.jpg'><img loading=\"lazy\" decoding=\"async\" width=\"150\" height=\"90\" src=\"https:\/\/blog.revenf.org\/wp-content\/uploads\/2021\/09\/Imagem_thumb_As-tend\u00eancias-do-suic\u00eddio-por-autointoxica\u00e7\u00e3o-entre-adolescentes-e-jovens-causam-preocupa\u00e7\u00e3o.jpg\" class=\"attachment-medium size-medium\" alt=\"\" \/><\/a><\/p>\n"},"caption":{"rendered":""},"alt_text":"","media_type":"image","mime_type":"image\/jpeg","media_details":{"width":150,"height":90,"file":"2021\/09\/Imagem_thumb_As-tend\u00eancias-do-suic\u00eddio-por-autointoxica\u00e7\u00e3o-entre-adolescentes-e-jovens-causam-preocupa\u00e7\u00e3o.jpg","sizes":{},"image_meta":{"aperture":"0","credit":"","camera":"","caption":"","created_timestamp":"0","copyright":"","focal_length":"0","iso":"0","shutter_speed":"0","title":"","orientation":"1","keywords":[]}},"post":null,"source_url":"https:\/\/blog.revenf.org\/wp-content\/uploads\/2021\/09\/Imagem_thumb_As-tend\u00eancias-do-suic\u00eddio-por-autointoxica\u00e7\u00e3o-entre-adolescentes-e-jovens-causam-preocupa\u00e7\u00e3o.jpg","_links":{"self":[{"href":"https:\/\/blog.revenf.org\/en\/wp-json\/wp\/v2\/media\/1041","targetHints":{"allow":["GET"]}}],"collection":[{"href":"https:\/\/blog.revenf.org\/en\/wp-json\/wp\/v2\/media"}],"about":[{"href":"https:\/\/blog.revenf.org\/en\/wp-json\/wp\/v2\/types\/attachment"}],"author":[{"embeddable":true,"href":"https:\/\/blog.revenf.org\/en\/wp-json\/wp\/v2\/users\/1"}],"replies":[{"embeddable":true,"href":"https:\/\/blog.revenf.org\/en\/wp-json\/wp\/v2\/comments?post=1041"}]}}

https://blog.revenf.org/wp-content/uploads/2021/09/Imagem_thumb_As-tendências-do-suicídio-por-autointoxicação-entre-adolescentes-e-jovens-causam-preocupação.jpg

Imagem_thumb_As tendências do suicídio por autointoxicação entre adolescentes e jovens causam preocupação

<p class="attachment"><a href='https://blog.revenf.org/wp-content/uploads/2021/09/Imagem_thumb_As-tendências-do-suicídio-por-autointoxicação-entre-adolescentes-e-jovens-causam-preocupação.jpg'><img loading="lazy" decoding="async" width="150" height="90" src="https://blog.revenf.org/wp-content/uploads/2021/09/Imagem_thumb_As-tendências-do-suicídio-por-autointoxicação-entre-adolescentes-e-jovens-causam-preocupação.jpg" class="attachment-medium size-medium" alt="" /></a></p>

2021/09/Imagem_thumb_As-tendências-do-suicídio-por-autointoxicação-entre-adolescentes-e-jovens-causam-preocupação.jpg
