{"id":756,"date":"2021-03-18T13:29:59","date_gmt":"2021-03-18T16:29:59","guid":{"rendered":"https:\/\/blog.revenf.org\/wp-content\/uploads\/2021\/03\/Imagem_Atendimento-pr\u00e9-hospitalar-m\u00f3vel-em-tempos-da-COVID19.jpg"},"modified":"2021-03-18T13:29:59","modified_gmt":"2021-03-18T16:29:59","slug":"imagem_atendimento-pre-hospitalar-movel-em-tempos-da-covid19-2","status":"inherit","type":"attachment","link":"https:\/\/blog.revenf.org\/en\/imagem_atendimento-pre-hospitalar-movel-em-tempos-da-covid19-2\/","title":{"rendered":"Imagem_Atendimento pr\u00e9-hospitalar m\u00f3vel em tempos da COVID19"},"author":1,"featured_media":0,"comment_status":"open","ping_status":"closed","template":"","meta":{"_monsterinsights_skip_tracking":false,"_monsterinsights_sitenote_active":false,"_monsterinsights_sitenote_note":"","_monsterinsights_sitenote_category":0,"_links_to":"","_links_to_target":""},"class_list":["post-756","attachment","type-attachment","status-inherit","hentry"],"aioseo_notices":[],"description":{"rendered":"<p class=\"attachment\"><a href='https:\/\/blog.revenf.org\/wp-content\/uploads\/2021\/03\/Imagem_Atendimento-pr\u00e9-hospitalar-m\u00f3vel-em-tempos-da-COVID19.jpg'><img loading=\"lazy\" decoding=\"async\" width=\"203\" height=\"203\" src=\"https:\/\/blog.revenf.org\/wp-content\/uploads\/2021\/03\/Imagem_Atendimento-pr\u00e9-hospitalar-m\u00f3vel-em-tempos-da-COVID19.jpg\" class=\"attachment-medium size-medium\" alt=\"\" srcset=\"https:\/\/blog.revenf.org\/wp-content\/uploads\/2021\/03\/Imagem_Atendimento-pr\u00e9-hospitalar-m\u00f3vel-em-tempos-da-COVID19.jpg 203w, https:\/\/blog.revenf.org\/wp-content\/uploads\/2021\/03\/Imagem_Atendimento-pr\u00e9-hospitalar-m\u00f3vel-em-tempos-da-COVID19-150x150.jpg 150w\" sizes=\"auto, (max-width: 203px) 100vw, 203px\" \/><\/a><\/p>\n"},"caption":{"rendered":""},"alt_text":"","media_type":"image","mime_type":"image\/jpeg","media_details":{"width":203,"height":203,"file":"2021\/03\/Imagem_Atendimento-pr\u00e9-hospitalar-m\u00f3vel-em-tempos-da-COVID19.jpg","sizes":{"thumbnail":{"file":"Imagem_Atendimento-pr\u00e9-hospitalar-m\u00f3vel-em-tempos-da-COVID19-150x150.jpg","width":150,"height":150,"mime_type":"image\/jpeg","source_url":"https:\/\/blog.revenf.org\/wp-content\/uploads\/2021\/03\/Imagem_Atendimento-pr\u00e9-hospitalar-m\u00f3vel-em-tempos-da-COVID19-150x150.jpg"},"wp_rp_thumbnail":{"file":"Imagem_Atendimento-pr\u00e9-hospitalar-m\u00f3vel-em-tempos-da-COVID19-150x150.jpg","width":150,"height":150,"mime_type":"image\/jpeg","source_url":"https:\/\/blog.revenf.org\/wp-content\/uploads\/2021\/03\/Imagem_Atendimento-pr\u00e9-hospitalar-m\u00f3vel-em-tempos-da-COVID19-150x150.jpg"},"wp_rp_thumbnail_prop":{"file":"Imagem_Atendimento-pr\u00e9-hospitalar-m\u00f3vel-em-tempos-da-COVID19-150x150.jpg","width":150,"height":150,"mime_type":"image\/jpeg","source_url":"https:\/\/blog.revenf.org\/wp-content\/uploads\/2021\/03\/Imagem_Atendimento-pr\u00e9-hospitalar-m\u00f3vel-em-tempos-da-COVID19-150x150.jpg"},"full":{"file":"Imagem_Atendimento-pr\u00e9-hospitalar-m\u00f3vel-em-tempos-da-COVID19.jpg","width":203,"height":203,"mime_type":"image\/jpeg","source_url":"https:\/\/blog.revenf.org\/wp-content\/uploads\/2021\/03\/Imagem_Atendimento-pr\u00e9-hospitalar-m\u00f3vel-em-tempos-da-COVID19.jpg"}},"image_meta":{"aperture":"0","credit":"","camera":"","caption":"","created_timestamp":"0","copyright":"","focal_length":"0","iso":"0","shutter_speed":"0","title":"","orientation":"0","keywords":[]}},"post":null,"source_url":"https:\/\/blog.revenf.org\/wp-content\/uploads\/2021\/03\/Imagem_Atendimento-pr\u00e9-hospitalar-m\u00f3vel-em-tempos-da-COVID19.jpg","_links":{"self":[{"href":"https:\/\/blog.revenf.org\/en\/wp-json\/wp\/v2\/media\/756","targetHints":{"allow":["GET"]}}],"collection":[{"href":"https:\/\/blog.revenf.org\/en\/wp-json\/wp\/v2\/media"}],"about":[{"href":"https:\/\/blog.revenf.org\/en\/wp-json\/wp\/v2\/types\/attachment"}],"author":[{"embeddable":true,"href":"https:\/\/blog.revenf.org\/en\/wp-json\/wp\/v2\/users\/1"}],"replies":[{"embeddable":true,"href":"https:\/\/blog.revenf.org\/en\/wp-json\/wp\/v2\/comments?post=756"}]}}

https://blog.revenf.org/wp-content/uploads/2021/03/Imagem_Atendimento-pré-hospitalar-móvel-em-tempos-da-COVID19.jpg

Imagem_Atendimento pré-hospitalar móvel em tempos da COVID19

<p class="attachment"><a href='https://blog.revenf.org/wp-content/uploads/2021/03/Imagem_Atendimento-pré-hospitalar-móvel-em-tempos-da-COVID19.jpg'><img loading="lazy" decoding="async" width="203" height="203" src="https://blog.revenf.org/wp-content/uploads/2021/03/Imagem_Atendimento-pré-hospitalar-móvel-em-tempos-da-COVID19.jpg" class="attachment-medium size-medium" alt="" srcset="https://blog.revenf.org/wp-content/uploads/2021/03/Imagem_Atendimento-pré-hospitalar-móvel-em-tempos-da-COVID19.jpg 203w, https://blog.revenf.org/wp-content/uploads/2021/03/Imagem_Atendimento-pré-hospitalar-móvel-em-tempos-da-COVID19-150x150.jpg 150w" sizes="auto, (max-width: 203px) 100vw, 203px" /></a></p>

2021/03/Imagem_Atendimento-pré-hospitalar-móvel-em-tempos-da-COVID19.jpg

Imagem_Atendimento-pré-hospitalar-móvel-em-tempos-da-COVID19-150x150.jpg

https://blog.revenf.org/wp-content/uploads/2021/03/Imagem_Atendimento-pré-hospitalar-móvel-em-tempos-da-COVID19-150x150.jpg

Imagem_Atendimento-pré-hospitalar-móvel-em-tempos-da-COVID19.jpg
