{"id":779,"date":"2021-04-06T13:16:57","date_gmt":"2021-04-06T16:16:57","guid":{"rendered":"https:\/\/blog.revenf.org\/wp-content\/uploads\/2021\/04\/Imagem_Usu\u00e1rios-que-convivem-com-processo-cr\u00f4nico-de-sa\u00fade-na-APS-como-eles-veem-o-cuidado-recebido.jpg"},"modified":"2021-04-06T13:16:57","modified_gmt":"2021-04-06T16:16:57","slug":"imagem_usuarios-que-convivem-com-processo-cronico-de-saude-na-aps-como-eles-veem-o-cuidado-recebido-2","status":"inherit","type":"attachment","link":"https:\/\/blog.revenf.org\/en\/imagem_usuarios-que-convivem-com-processo-cronico-de-saude-na-aps-como-eles-veem-o-cuidado-recebido-2\/","title":{"rendered":"Imagem_Usu\u00e1rios que convivem com processo cr\u00f4nico de sa\u00fade na APS como eles veem o cuidado recebido"},"author":1,"featured_media":0,"comment_status":"open","ping_status":"closed","template":"","meta":{"_monsterinsights_skip_tracking":false,"_monsterinsights_sitenote_active":false,"_monsterinsights_sitenote_note":"","_monsterinsights_sitenote_category":0,"_links_to":"","_links_to_target":""},"class_list":["post-779","attachment","type-attachment","status-inherit","hentry"],"aioseo_notices":[],"description":{"rendered":"<p class=\"attachment\"><a href='https:\/\/blog.revenf.org\/wp-content\/uploads\/2021\/04\/Imagem_Usu\u00e1rios-que-convivem-com-processo-cr\u00f4nico-de-sa\u00fade-na-APS-como-eles-veem-o-cuidado-recebido.jpg'><img loading=\"lazy\" decoding=\"async\" width=\"300\" height=\"200\" src=\"https:\/\/blog.revenf.org\/wp-content\/uploads\/2021\/04\/Imagem_Usu\u00e1rios-que-convivem-com-processo-cr\u00f4nico-de-sa\u00fade-na-APS-como-eles-veem-o-cuidado-recebido-300x200.jpg\" class=\"attachment-medium size-medium\" alt=\"\" srcset=\"https:\/\/blog.revenf.org\/wp-content\/uploads\/2021\/04\/Imagem_Usu\u00e1rios-que-convivem-com-processo-cr\u00f4nico-de-sa\u00fade-na-APS-como-eles-veem-o-cuidado-recebido-300x200.jpg 300w, https:\/\/blog.revenf.org\/wp-content\/uploads\/2021\/04\/Imagem_Usu\u00e1rios-que-convivem-com-processo-cr\u00f4nico-de-sa\u00fade-na-APS-como-eles-veem-o-cuidado-recebido-150x100.jpg 150w, https:\/\/blog.revenf.org\/wp-content\/uploads\/2021\/04\/Imagem_Usu\u00e1rios-que-convivem-com-processo-cr\u00f4nico-de-sa\u00fade-na-APS-como-eles-veem-o-cuidado-recebido.jpg 333w\" sizes=\"auto, (max-width: 300px) 100vw, 300px\" \/><\/a><\/p>\n"},"caption":{"rendered":""},"alt_text":"","media_type":"image","mime_type":"image\/jpeg","media_details":{"width":333,"height":222,"file":"2021\/04\/Imagem_Usu\u00e1rios-que-convivem-com-processo-cr\u00f4nico-de-sa\u00fade-na-APS-como-eles-veem-o-cuidado-recebido.jpg","sizes":{"medium":{"file":"Imagem_Usu\u00e1rios-que-convivem-com-processo-cr\u00f4nico-de-sa\u00fade-na-APS-como-eles-veem-o-cuidado-recebido-300x200.jpg","width":300,"height":200,"mime_type":"image\/jpeg","source_url":"https:\/\/blog.revenf.org\/wp-content\/uploads\/2021\/04\/Imagem_Usu\u00e1rios-que-convivem-com-processo-cr\u00f4nico-de-sa\u00fade-na-APS-como-eles-veem-o-cuidado-recebido-300x200.jpg"},"thumbnail":{"file":"Imagem_Usu\u00e1rios-que-convivem-com-processo-cr\u00f4nico-de-sa\u00fade-na-APS-como-eles-veem-o-cuidado-recebido-150x150.jpg","width":150,"height":150,"mime_type":"image\/jpeg","source_url":"https:\/\/blog.revenf.org\/wp-content\/uploads\/2021\/04\/Imagem_Usu\u00e1rios-que-convivem-com-processo-cr\u00f4nico-de-sa\u00fade-na-APS-como-eles-veem-o-cuidado-recebido-150x150.jpg"},"wp_rp_thumbnail":{"file":"Imagem_Usu\u00e1rios-que-convivem-com-processo-cr\u00f4nico-de-sa\u00fade-na-APS-como-eles-veem-o-cuidado-recebido-150x150.jpg","width":150,"height":150,"mime_type":"image\/jpeg","source_url":"https:\/\/blog.revenf.org\/wp-content\/uploads\/2021\/04\/Imagem_Usu\u00e1rios-que-convivem-com-processo-cr\u00f4nico-de-sa\u00fade-na-APS-como-eles-veem-o-cuidado-recebido-150x150.jpg"},"wp_rp_thumbnail_prop":{"file":"Imagem_Usu\u00e1rios-que-convivem-com-processo-cr\u00f4nico-de-sa\u00fade-na-APS-como-eles-veem-o-cuidado-recebido-150x100.jpg","width":150,"height":100,"mime_type":"image\/jpeg","source_url":"https:\/\/blog.revenf.org\/wp-content\/uploads\/2021\/04\/Imagem_Usu\u00e1rios-que-convivem-com-processo-cr\u00f4nico-de-sa\u00fade-na-APS-como-eles-veem-o-cuidado-recebido-150x100.jpg"},"full":{"file":"Imagem_Usu\u00e1rios-que-convivem-com-processo-cr\u00f4nico-de-sa\u00fade-na-APS-como-eles-veem-o-cuidado-recebido.jpg","width":333,"height":222,"mime_type":"image\/jpeg","source_url":"https:\/\/blog.revenf.org\/wp-content\/uploads\/2021\/04\/Imagem_Usu\u00e1rios-que-convivem-com-processo-cr\u00f4nico-de-sa\u00fade-na-APS-como-eles-veem-o-cuidado-recebido.jpg"}},"image_meta":{"aperture":"0","credit":"","camera":"","caption":"","created_timestamp":"0","copyright":"","focal_length":"0","iso":"0","shutter_speed":"0","title":"","orientation":"0","keywords":[]}},"post":null,"source_url":"https:\/\/blog.revenf.org\/wp-content\/uploads\/2021\/04\/Imagem_Usu\u00e1rios-que-convivem-com-processo-cr\u00f4nico-de-sa\u00fade-na-APS-como-eles-veem-o-cuidado-recebido.jpg","_links":{"self":[{"href":"https:\/\/blog.revenf.org\/en\/wp-json\/wp\/v2\/media\/779","targetHints":{"allow":["GET"]}}],"collection":[{"href":"https:\/\/blog.revenf.org\/en\/wp-json\/wp\/v2\/media"}],"about":[{"href":"https:\/\/blog.revenf.org\/en\/wp-json\/wp\/v2\/types\/attachment"}],"author":[{"embeddable":true,"href":"https:\/\/blog.revenf.org\/en\/wp-json\/wp\/v2\/users\/1"}],"replies":[{"embeddable":true,"href":"https:\/\/blog.revenf.org\/en\/wp-json\/wp\/v2\/comments?post=779"}]}}

https://blog.revenf.org/wp-content/uploads/2021/04/Imagem_Usuários-que-convivem-com-processo-crônico-de-saúde-na-APS-como-eles-veem-o-cuidado-recebido.jpg

Imagem_Usuários que convivem com processo crônico de saúde na APS como eles veem o cuidado recebido

<p class="attachment"><a href='https://blog.revenf.org/wp-content/uploads/2021/04/Imagem_Usuários-que-convivem-com-processo-crônico-de-saúde-na-APS-como-eles-veem-o-cuidado-recebido.jpg'><img loading="lazy" decoding="async" width="300" height="200" src="https://blog.revenf.org/wp-content/uploads/2021/04/Imagem_Usuários-que-convivem-com-processo-crônico-de-saúde-na-APS-como-eles-veem-o-cuidado-recebido-300x200.jpg" class="attachment-medium size-medium" alt="" srcset="https://blog.revenf.org/wp-content/uploads/2021/04/Imagem_Usuários-que-convivem-com-processo-crônico-de-saúde-na-APS-como-eles-veem-o-cuidado-recebido-300x200.jpg 300w, https://blog.revenf.org/wp-content/uploads/2021/04/Imagem_Usuários-que-convivem-com-processo-crônico-de-saúde-na-APS-como-eles-veem-o-cuidado-recebido-150x100.jpg 150w, https://blog.revenf.org/wp-content/uploads/2021/04/Imagem_Usuários-que-convivem-com-processo-crônico-de-saúde-na-APS-como-eles-veem-o-cuidado-recebido.jpg 333w" sizes="auto, (max-width: 300px) 100vw, 300px" /></a></p>

2021/04/Imagem_Usuários-que-convivem-com-processo-crônico-de-saúde-na-APS-como-eles-veem-o-cuidado-recebido.jpg

Imagem_Usuários-que-convivem-com-processo-crônico-de-saúde-na-APS-como-eles-veem-o-cuidado-recebido-300x200.jpg

https://blog.revenf.org/wp-content/uploads/2021/04/Imagem_Usuários-que-convivem-com-processo-crônico-de-saúde-na-APS-como-eles-veem-o-cuidado-recebido-300x200.jpg

Imagem_Usuários-que-convivem-com-processo-crônico-de-saúde-na-APS-como-eles-veem-o-cuidado-recebido-150x150.jpg

https://blog.revenf.org/wp-content/uploads/2021/04/Imagem_Usuários-que-convivem-com-processo-crônico-de-saúde-na-APS-como-eles-veem-o-cuidado-recebido-150x150.jpg

Imagem_Usuários-que-convivem-com-processo-crônico-de-saúde-na-APS-como-eles-veem-o-cuidado-recebido-150x100.jpg

https://blog.revenf.org/wp-content/uploads/2021/04/Imagem_Usuários-que-convivem-com-processo-crônico-de-saúde-na-APS-como-eles-veem-o-cuidado-recebido-150x100.jpg

Imagem_Usuários-que-convivem-com-processo-crônico-de-saúde-na-APS-como-eles-veem-o-cuidado-recebido.jpg
