{"id":782,"date":"2021-04-06T13:16:58","date_gmt":"2021-04-06T16:16:58","guid":{"rendered":"https:\/\/blog.revenf.org\/wp-content\/uploads\/2021\/04\/Imagem_thumb_Usu\u00e1rios-que-convivem-com-processo-cr\u00f4nico-de-sa\u00fade-na-APS-como-eles-veem-o-cuidado-recebido.jpg"},"modified":"2021-04-06T13:16:58","modified_gmt":"2021-04-06T16:16:58","slug":"imagem_thumb_usuarios-que-convivem-com-processo-cronico-de-saude-na-aps-como-eles-veem-o-cuidado-recebido-2","status":"inherit","type":"attachment","link":"https:\/\/blog.revenf.org\/en\/imagem_thumb_usuarios-que-convivem-com-processo-cronico-de-saude-na-aps-como-eles-veem-o-cuidado-recebido-2\/","title":{"rendered":"Imagem_thumb_Usu\u00e1rios que convivem com processo cr\u00f4nico de sa\u00fade na APS como eles veem o cuidado recebido"},"author":1,"featured_media":0,"comment_status":"open","ping_status":"closed","template":"","meta":{"_monsterinsights_skip_tracking":false,"_monsterinsights_sitenote_active":false,"_monsterinsights_sitenote_note":"","_monsterinsights_sitenote_category":0,"_links_to":"","_links_to_target":""},"class_list":["post-782","attachment","type-attachment","status-inherit","hentry"],"aioseo_notices":[],"description":{"rendered":"<p class=\"attachment\"><a href='https:\/\/blog.revenf.org\/wp-content\/uploads\/2021\/04\/Imagem_thumb_Usu\u00e1rios-que-convivem-com-processo-cr\u00f4nico-de-sa\u00fade-na-APS-como-eles-veem-o-cuidado-recebido.jpg'><img loading=\"lazy\" decoding=\"async\" width=\"150\" height=\"90\" src=\"https:\/\/blog.revenf.org\/wp-content\/uploads\/2021\/04\/Imagem_thumb_Usu\u00e1rios-que-convivem-com-processo-cr\u00f4nico-de-sa\u00fade-na-APS-como-eles-veem-o-cuidado-recebido.jpg\" class=\"attachment-medium size-medium\" alt=\"\" \/><\/a><\/p>\n"},"caption":{"rendered":""},"alt_text":"","media_type":"image","mime_type":"image\/jpeg","media_details":{"width":150,"height":90,"file":"2021\/04\/Imagem_thumb_Usu\u00e1rios-que-convivem-com-processo-cr\u00f4nico-de-sa\u00fade-na-APS-como-eles-veem-o-cuidado-recebido.jpg","sizes":{},"image_meta":{"aperture":"0","credit":"","camera":"","caption":"","created_timestamp":"0","copyright":"","focal_length":"0","iso":"0","shutter_speed":"0","title":"","orientation":"1","keywords":[]}},"post":null,"source_url":"https:\/\/blog.revenf.org\/wp-content\/uploads\/2021\/04\/Imagem_thumb_Usu\u00e1rios-que-convivem-com-processo-cr\u00f4nico-de-sa\u00fade-na-APS-como-eles-veem-o-cuidado-recebido.jpg","_links":{"self":[{"href":"https:\/\/blog.revenf.org\/en\/wp-json\/wp\/v2\/media\/782","targetHints":{"allow":["GET"]}}],"collection":[{"href":"https:\/\/blog.revenf.org\/en\/wp-json\/wp\/v2\/media"}],"about":[{"href":"https:\/\/blog.revenf.org\/en\/wp-json\/wp\/v2\/types\/attachment"}],"author":[{"embeddable":true,"href":"https:\/\/blog.revenf.org\/en\/wp-json\/wp\/v2\/users\/1"}],"replies":[{"embeddable":true,"href":"https:\/\/blog.revenf.org\/en\/wp-json\/wp\/v2\/comments?post=782"}]}}

https://blog.revenf.org/wp-content/uploads/2021/04/Imagem_thumb_Usuários-que-convivem-com-processo-crônico-de-saúde-na-APS-como-eles-veem-o-cuidado-recebido.jpg

Imagem_thumb_Usuários que convivem com processo crônico de saúde na APS como eles veem o cuidado recebido

<p class="attachment"><a href='https://blog.revenf.org/wp-content/uploads/2021/04/Imagem_thumb_Usuários-que-convivem-com-processo-crônico-de-saúde-na-APS-como-eles-veem-o-cuidado-recebido.jpg'><img loading="lazy" decoding="async" width="150" height="90" src="https://blog.revenf.org/wp-content/uploads/2021/04/Imagem_thumb_Usuários-que-convivem-com-processo-crônico-de-saúde-na-APS-como-eles-veem-o-cuidado-recebido.jpg" class="attachment-medium size-medium" alt="" /></a></p>

2021/04/Imagem_thumb_Usuários-que-convivem-com-processo-crônico-de-saúde-na-APS-como-eles-veem-o-cuidado-recebido.jpg
