{"id":816,"date":"2021-05-06T14:03:37","date_gmt":"2021-05-06T17:03:37","guid":{"rendered":"https:\/\/blog.revenf.org\/wp-content\/uploads\/2021\/05\/Imagem_Trajet\u00f3ria-dos-profissionais-de-sa\u00fade-com-COVID-19-na-busca-pelo-cuidado.jpg"},"modified":"2021-05-06T14:03:37","modified_gmt":"2021-05-06T17:03:37","slug":"imagem_trajetoria-dos-profissionais-de-saude-com-covid-19-na-busca-pelo-cuidado-2","status":"inherit","type":"attachment","link":"https:\/\/blog.revenf.org\/en\/imagem_trajetoria-dos-profissionais-de-saude-com-covid-19-na-busca-pelo-cuidado-2\/","title":{"rendered":"Imagem_Trajet\u00f3ria dos profissionais de sa\u00fade com COVID-19 na busca pelo cuidado"},"author":1,"featured_media":0,"comment_status":"open","ping_status":"closed","template":"","meta":{"_monsterinsights_skip_tracking":false,"_monsterinsights_sitenote_active":false,"_monsterinsights_sitenote_note":"","_monsterinsights_sitenote_category":0,"_links_to":"","_links_to_target":""},"class_list":["post-816","attachment","type-attachment","status-inherit","hentry"],"aioseo_notices":[],"description":{"rendered":"<p class=\"attachment\"><a href='https:\/\/blog.revenf.org\/wp-content\/uploads\/2021\/05\/Imagem_Trajet\u00f3ria-dos-profissionais-de-sa\u00fade-com-COVID-19-na-busca-pelo-cuidado.jpg'><img loading=\"lazy\" decoding=\"async\" width=\"202\" height=\"210\" src=\"https:\/\/blog.revenf.org\/wp-content\/uploads\/2021\/05\/Imagem_Trajet\u00f3ria-dos-profissionais-de-sa\u00fade-com-COVID-19-na-busca-pelo-cuidado.jpg\" class=\"attachment-medium size-medium\" alt=\"\" srcset=\"https:\/\/blog.revenf.org\/wp-content\/uploads\/2021\/05\/Imagem_Trajet\u00f3ria-dos-profissionais-de-sa\u00fade-com-COVID-19-na-busca-pelo-cuidado.jpg 202w, https:\/\/blog.revenf.org\/wp-content\/uploads\/2021\/05\/Imagem_Trajet\u00f3ria-dos-profissionais-de-sa\u00fade-com-COVID-19-na-busca-pelo-cuidado-150x156.jpg 150w\" sizes=\"auto, (max-width: 202px) 100vw, 202px\" \/><\/a><\/p>\n"},"caption":{"rendered":""},"alt_text":"","media_type":"image","mime_type":"image\/jpeg","media_details":{"width":202,"height":210,"file":"2021\/05\/Imagem_Trajet\u00f3ria-dos-profissionais-de-sa\u00fade-com-COVID-19-na-busca-pelo-cuidado.jpg","sizes":{"thumbnail":{"file":"Imagem_Trajet\u00f3ria-dos-profissionais-de-sa\u00fade-com-COVID-19-na-busca-pelo-cuidado-150x150.jpg","width":150,"height":150,"mime_type":"image\/jpeg","source_url":"https:\/\/blog.revenf.org\/wp-content\/uploads\/2021\/05\/Imagem_Trajet\u00f3ria-dos-profissionais-de-sa\u00fade-com-COVID-19-na-busca-pelo-cuidado-150x150.jpg"},"wp_rp_thumbnail":{"file":"Imagem_Trajet\u00f3ria-dos-profissionais-de-sa\u00fade-com-COVID-19-na-busca-pelo-cuidado-150x150.jpg","width":150,"height":150,"mime_type":"image\/jpeg","source_url":"https:\/\/blog.revenf.org\/wp-content\/uploads\/2021\/05\/Imagem_Trajet\u00f3ria-dos-profissionais-de-sa\u00fade-com-COVID-19-na-busca-pelo-cuidado-150x150.jpg"},"wp_rp_thumbnail_prop":{"file":"Imagem_Trajet\u00f3ria-dos-profissionais-de-sa\u00fade-com-COVID-19-na-busca-pelo-cuidado-150x156.jpg","width":150,"height":156,"mime_type":"image\/jpeg","source_url":"https:\/\/blog.revenf.org\/wp-content\/uploads\/2021\/05\/Imagem_Trajet\u00f3ria-dos-profissionais-de-sa\u00fade-com-COVID-19-na-busca-pelo-cuidado-150x156.jpg"},"full":{"file":"Imagem_Trajet\u00f3ria-dos-profissionais-de-sa\u00fade-com-COVID-19-na-busca-pelo-cuidado.jpg","width":202,"height":210,"mime_type":"image\/jpeg","source_url":"https:\/\/blog.revenf.org\/wp-content\/uploads\/2021\/05\/Imagem_Trajet\u00f3ria-dos-profissionais-de-sa\u00fade-com-COVID-19-na-busca-pelo-cuidado.jpg"}},"image_meta":{"aperture":"0","credit":"","camera":"","caption":"","created_timestamp":"0","copyright":"","focal_length":"0","iso":"0","shutter_speed":"0","title":"","orientation":"0","keywords":[]}},"post":null,"source_url":"https:\/\/blog.revenf.org\/wp-content\/uploads\/2021\/05\/Imagem_Trajet\u00f3ria-dos-profissionais-de-sa\u00fade-com-COVID-19-na-busca-pelo-cuidado.jpg","_links":{"self":[{"href":"https:\/\/blog.revenf.org\/en\/wp-json\/wp\/v2\/media\/816","targetHints":{"allow":["GET"]}}],"collection":[{"href":"https:\/\/blog.revenf.org\/en\/wp-json\/wp\/v2\/media"}],"about":[{"href":"https:\/\/blog.revenf.org\/en\/wp-json\/wp\/v2\/types\/attachment"}],"author":[{"embeddable":true,"href":"https:\/\/blog.revenf.org\/en\/wp-json\/wp\/v2\/users\/1"}],"replies":[{"embeddable":true,"href":"https:\/\/blog.revenf.org\/en\/wp-json\/wp\/v2\/comments?post=816"}]}}

https://blog.revenf.org/wp-content/uploads/2021/05/Imagem_Trajetória-dos-profissionais-de-saúde-com-COVID-19-na-busca-pelo-cuidado.jpg

Imagem_Trajetória dos profissionais de saúde com COVID-19 na busca pelo cuidado

<p class="attachment"><a href='https://blog.revenf.org/wp-content/uploads/2021/05/Imagem_Trajetória-dos-profissionais-de-saúde-com-COVID-19-na-busca-pelo-cuidado.jpg'><img loading="lazy" decoding="async" width="202" height="210" src="https://blog.revenf.org/wp-content/uploads/2021/05/Imagem_Trajetória-dos-profissionais-de-saúde-com-COVID-19-na-busca-pelo-cuidado.jpg" class="attachment-medium size-medium" alt="" srcset="https://blog.revenf.org/wp-content/uploads/2021/05/Imagem_Trajetória-dos-profissionais-de-saúde-com-COVID-19-na-busca-pelo-cuidado.jpg 202w, https://blog.revenf.org/wp-content/uploads/2021/05/Imagem_Trajetória-dos-profissionais-de-saúde-com-COVID-19-na-busca-pelo-cuidado-150x156.jpg 150w" sizes="auto, (max-width: 202px) 100vw, 202px" /></a></p>

2021/05/Imagem_Trajetória-dos-profissionais-de-saúde-com-COVID-19-na-busca-pelo-cuidado.jpg

Imagem_Trajetória-dos-profissionais-de-saúde-com-COVID-19-na-busca-pelo-cuidado-150x150.jpg

https://blog.revenf.org/wp-content/uploads/2021/05/Imagem_Trajetória-dos-profissionais-de-saúde-com-COVID-19-na-busca-pelo-cuidado-150x150.jpg

Imagem_Trajetória-dos-profissionais-de-saúde-com-COVID-19-na-busca-pelo-cuidado-150x156.jpg

https://blog.revenf.org/wp-content/uploads/2021/05/Imagem_Trajetória-dos-profissionais-de-saúde-com-COVID-19-na-busca-pelo-cuidado-150x156.jpg

Imagem_Trajetória-dos-profissionais-de-saúde-com-COVID-19-na-busca-pelo-cuidado.jpg
