{"id":850,"date":"2021-05-27T14:31:42","date_gmt":"2021-05-27T17:31:42","guid":{"rendered":"https:\/\/blog.revenf.org\/wp-content\/uploads\/2021\/05\/Imagem_Repercuss\u00e3o-midi\u00e1tica-da-enfermagem-na-pandemia-da-COVID-19-a-partir-do-YouTube.jpg"},"modified":"2021-05-27T14:31:42","modified_gmt":"2021-05-27T17:31:42","slug":"imagem_repercussao-midiatica-da-enfermagem-na-pandemia-da-covid-19-a-partir-do-youtube-2","status":"inherit","type":"attachment","link":"https:\/\/blog.revenf.org\/en\/imagem_repercussao-midiatica-da-enfermagem-na-pandemia-da-covid-19-a-partir-do-youtube-2\/","title":{"rendered":"Imagem_Repercuss\u00e3o midi\u00e1tica da enfermagem na pandemia da COVID-19 a partir do YouTube"},"author":1,"featured_media":0,"comment_status":"open","ping_status":"closed","template":"","meta":{"_monsterinsights_skip_tracking":false,"_monsterinsights_sitenote_active":false,"_monsterinsights_sitenote_note":"","_monsterinsights_sitenote_category":0,"_links_to":"","_links_to_target":""},"class_list":["post-850","attachment","type-attachment","status-inherit","hentry"],"aioseo_notices":[],"description":{"rendered":"<p class=\"attachment\"><a href='https:\/\/blog.revenf.org\/wp-content\/uploads\/2021\/05\/Imagem_Repercuss\u00e3o-midi\u00e1tica-da-enfermagem-na-pandemia-da-COVID-19-a-partir-do-YouTube.jpg'><img loading=\"lazy\" decoding=\"async\" width=\"269\" height=\"201\" src=\"https:\/\/blog.revenf.org\/wp-content\/uploads\/2021\/05\/Imagem_Repercuss\u00e3o-midi\u00e1tica-da-enfermagem-na-pandemia-da-COVID-19-a-partir-do-YouTube.jpg\" class=\"attachment-medium size-medium\" alt=\"\" srcset=\"https:\/\/blog.revenf.org\/wp-content\/uploads\/2021\/05\/Imagem_Repercuss\u00e3o-midi\u00e1tica-da-enfermagem-na-pandemia-da-COVID-19-a-partir-do-YouTube.jpg 269w, https:\/\/blog.revenf.org\/wp-content\/uploads\/2021\/05\/Imagem_Repercuss\u00e3o-midi\u00e1tica-da-enfermagem-na-pandemia-da-COVID-19-a-partir-do-YouTube-150x112.jpg 150w\" sizes=\"auto, (max-width: 269px) 100vw, 269px\" \/><\/a><\/p>\n"},"caption":{"rendered":""},"alt_text":"","media_type":"image","mime_type":"image\/jpeg","media_details":{"width":269,"height":201,"file":"2021\/05\/Imagem_Repercuss\u00e3o-midi\u00e1tica-da-enfermagem-na-pandemia-da-COVID-19-a-partir-do-YouTube.jpg","sizes":{"thumbnail":{"file":"Imagem_Repercuss\u00e3o-midi\u00e1tica-da-enfermagem-na-pandemia-da-COVID-19-a-partir-do-YouTube-150x150.jpg","width":150,"height":150,"mime_type":"image\/jpeg","source_url":"https:\/\/blog.revenf.org\/wp-content\/uploads\/2021\/05\/Imagem_Repercuss\u00e3o-midi\u00e1tica-da-enfermagem-na-pandemia-da-COVID-19-a-partir-do-YouTube-150x150.jpg"},"wp_rp_thumbnail":{"file":"Imagem_Repercuss\u00e3o-midi\u00e1tica-da-enfermagem-na-pandemia-da-COVID-19-a-partir-do-YouTube-150x150.jpg","width":150,"height":150,"mime_type":"image\/jpeg","source_url":"https:\/\/blog.revenf.org\/wp-content\/uploads\/2021\/05\/Imagem_Repercuss\u00e3o-midi\u00e1tica-da-enfermagem-na-pandemia-da-COVID-19-a-partir-do-YouTube-150x150.jpg"},"wp_rp_thumbnail_prop":{"file":"Imagem_Repercuss\u00e3o-midi\u00e1tica-da-enfermagem-na-pandemia-da-COVID-19-a-partir-do-YouTube-150x112.jpg","width":150,"height":112,"mime_type":"image\/jpeg","source_url":"https:\/\/blog.revenf.org\/wp-content\/uploads\/2021\/05\/Imagem_Repercuss\u00e3o-midi\u00e1tica-da-enfermagem-na-pandemia-da-COVID-19-a-partir-do-YouTube-150x112.jpg"},"full":{"file":"Imagem_Repercuss\u00e3o-midi\u00e1tica-da-enfermagem-na-pandemia-da-COVID-19-a-partir-do-YouTube.jpg","width":269,"height":201,"mime_type":"image\/jpeg","source_url":"https:\/\/blog.revenf.org\/wp-content\/uploads\/2021\/05\/Imagem_Repercuss\u00e3o-midi\u00e1tica-da-enfermagem-na-pandemia-da-COVID-19-a-partir-do-YouTube.jpg"}},"image_meta":{"aperture":"0","credit":"","camera":"","caption":"","created_timestamp":"0","copyright":"","focal_length":"0","iso":"0","shutter_speed":"0","title":"","orientation":"0","keywords":[]}},"post":null,"source_url":"https:\/\/blog.revenf.org\/wp-content\/uploads\/2021\/05\/Imagem_Repercuss\u00e3o-midi\u00e1tica-da-enfermagem-na-pandemia-da-COVID-19-a-partir-do-YouTube.jpg","_links":{"self":[{"href":"https:\/\/blog.revenf.org\/en\/wp-json\/wp\/v2\/media\/850","targetHints":{"allow":["GET"]}}],"collection":[{"href":"https:\/\/blog.revenf.org\/en\/wp-json\/wp\/v2\/media"}],"about":[{"href":"https:\/\/blog.revenf.org\/en\/wp-json\/wp\/v2\/types\/attachment"}],"author":[{"embeddable":true,"href":"https:\/\/blog.revenf.org\/en\/wp-json\/wp\/v2\/users\/1"}],"replies":[{"embeddable":true,"href":"https:\/\/blog.revenf.org\/en\/wp-json\/wp\/v2\/comments?post=850"}]}}

https://blog.revenf.org/wp-content/uploads/2021/05/Imagem_Repercussão-midiática-da-enfermagem-na-pandemia-da-COVID-19-a-partir-do-YouTube.jpg

Imagem_Repercussão midiática da enfermagem na pandemia da COVID-19 a partir do YouTube

<p class="attachment"><a href='https://blog.revenf.org/wp-content/uploads/2021/05/Imagem_Repercussão-midiática-da-enfermagem-na-pandemia-da-COVID-19-a-partir-do-YouTube.jpg'><img loading="lazy" decoding="async" width="269" height="201" src="https://blog.revenf.org/wp-content/uploads/2021/05/Imagem_Repercussão-midiática-da-enfermagem-na-pandemia-da-COVID-19-a-partir-do-YouTube.jpg" class="attachment-medium size-medium" alt="" srcset="https://blog.revenf.org/wp-content/uploads/2021/05/Imagem_Repercussão-midiática-da-enfermagem-na-pandemia-da-COVID-19-a-partir-do-YouTube.jpg 269w, https://blog.revenf.org/wp-content/uploads/2021/05/Imagem_Repercussão-midiática-da-enfermagem-na-pandemia-da-COVID-19-a-partir-do-YouTube-150x112.jpg 150w" sizes="auto, (max-width: 269px) 100vw, 269px" /></a></p>

2021/05/Imagem_Repercussão-midiática-da-enfermagem-na-pandemia-da-COVID-19-a-partir-do-YouTube.jpg

Imagem_Repercussão-midiática-da-enfermagem-na-pandemia-da-COVID-19-a-partir-do-YouTube-150x150.jpg

https://blog.revenf.org/wp-content/uploads/2021/05/Imagem_Repercussão-midiática-da-enfermagem-na-pandemia-da-COVID-19-a-partir-do-YouTube-150x150.jpg

Imagem_Repercussão-midiática-da-enfermagem-na-pandemia-da-COVID-19-a-partir-do-YouTube-150x112.jpg

https://blog.revenf.org/wp-content/uploads/2021/05/Imagem_Repercussão-midiática-da-enfermagem-na-pandemia-da-COVID-19-a-partir-do-YouTube-150x112.jpg

Imagem_Repercussão-midiática-da-enfermagem-na-pandemia-da-COVID-19-a-partir-do-YouTube.jpg
