{"id":892,"date":"2021-06-25T13:10:01","date_gmt":"2021-06-25T16:10:01","guid":{"rendered":"https:\/\/blog.revenf.org\/wp-content\/uploads\/2021\/06\/Imagem_thumb_Atua\u00e7\u00e3o-de-enfermeiros-da-aten\u00e7\u00e3o-b\u00e1sica-no-cuidado-a-mulheres-em-situa\u00e7\u00e3o-de-viol\u00eancia-dom\u00e9stica.jpg"},"modified":"2021-06-25T13:10:01","modified_gmt":"2021-06-25T16:10:01","slug":"imagem_thumb_atuacao-de-enfermeiros-da-atencao-basica-no-cuidado-a-mulheres-em-situacao-de-violencia-domestica-2","status":"inherit","type":"attachment","link":"https:\/\/blog.revenf.org\/en\/imagem_thumb_atuacao-de-enfermeiros-da-atencao-basica-no-cuidado-a-mulheres-em-situacao-de-violencia-domestica-2\/","title":{"rendered":"Imagem_thumb_Atua\u00e7\u00e3o de enfermeiros da aten\u00e7\u00e3o b\u00e1sica no cuidado a mulheres em situa\u00e7\u00e3o de viol\u00eancia dom\u00e9stica"},"author":1,"featured_media":0,"comment_status":"open","ping_status":"closed","template":"","meta":{"_monsterinsights_skip_tracking":false,"_monsterinsights_sitenote_active":false,"_monsterinsights_sitenote_note":"","_monsterinsights_sitenote_category":0,"_links_to":"","_links_to_target":""},"class_list":["post-892","attachment","type-attachment","status-inherit","hentry"],"aioseo_notices":[],"description":{"rendered":"<p class=\"attachment\"><a href='https:\/\/blog.revenf.org\/wp-content\/uploads\/2021\/06\/Imagem_thumb_Atua\u00e7\u00e3o-de-enfermeiros-da-aten\u00e7\u00e3o-b\u00e1sica-no-cuidado-a-mulheres-em-situa\u00e7\u00e3o-de-viol\u00eancia-dom\u00e9stica.jpg'><img loading=\"lazy\" decoding=\"async\" width=\"150\" height=\"90\" src=\"https:\/\/blog.revenf.org\/wp-content\/uploads\/2021\/06\/Imagem_thumb_Atua\u00e7\u00e3o-de-enfermeiros-da-aten\u00e7\u00e3o-b\u00e1sica-no-cuidado-a-mulheres-em-situa\u00e7\u00e3o-de-viol\u00eancia-dom\u00e9stica.jpg\" class=\"attachment-medium size-medium\" alt=\"\" \/><\/a><\/p>\n"},"caption":{"rendered":""},"alt_text":"","media_type":"image","mime_type":"image\/jpeg","media_details":{"width":150,"height":90,"file":"2021\/06\/Imagem_thumb_Atua\u00e7\u00e3o-de-enfermeiros-da-aten\u00e7\u00e3o-b\u00e1sica-no-cuidado-a-mulheres-em-situa\u00e7\u00e3o-de-viol\u00eancia-dom\u00e9stica.jpg","sizes":{},"image_meta":{"aperture":"0","credit":"","camera":"","caption":"","created_timestamp":"0","copyright":"","focal_length":"0","iso":"0","shutter_speed":"0","title":"","orientation":"1","keywords":[]}},"post":null,"source_url":"https:\/\/blog.revenf.org\/wp-content\/uploads\/2021\/06\/Imagem_thumb_Atua\u00e7\u00e3o-de-enfermeiros-da-aten\u00e7\u00e3o-b\u00e1sica-no-cuidado-a-mulheres-em-situa\u00e7\u00e3o-de-viol\u00eancia-dom\u00e9stica.jpg","_links":{"self":[{"href":"https:\/\/blog.revenf.org\/en\/wp-json\/wp\/v2\/media\/892","targetHints":{"allow":["GET"]}}],"collection":[{"href":"https:\/\/blog.revenf.org\/en\/wp-json\/wp\/v2\/media"}],"about":[{"href":"https:\/\/blog.revenf.org\/en\/wp-json\/wp\/v2\/types\/attachment"}],"author":[{"embeddable":true,"href":"https:\/\/blog.revenf.org\/en\/wp-json\/wp\/v2\/users\/1"}],"replies":[{"embeddable":true,"href":"https:\/\/blog.revenf.org\/en\/wp-json\/wp\/v2\/comments?post=892"}]}}

https://blog.revenf.org/wp-content/uploads/2021/06/Imagem_thumb_Atuação-de-enfermeiros-da-atenção-básica-no-cuidado-a-mulheres-em-situação-de-violência-doméstica.jpg

Imagem_thumb_Atuação de enfermeiros da atenção básica no cuidado a mulheres em situação de violência doméstica

<p class="attachment"><a href='https://blog.revenf.org/wp-content/uploads/2021/06/Imagem_thumb_Atuação-de-enfermeiros-da-atenção-básica-no-cuidado-a-mulheres-em-situação-de-violência-doméstica.jpg'><img loading="lazy" decoding="async" width="150" height="90" src="https://blog.revenf.org/wp-content/uploads/2021/06/Imagem_thumb_Atuação-de-enfermeiros-da-atenção-básica-no-cuidado-a-mulheres-em-situação-de-violência-doméstica.jpg" class="attachment-medium size-medium" alt="" /></a></p>

2021/06/Imagem_thumb_Atuação-de-enfermeiros-da-atenção-básica-no-cuidado-a-mulheres-em-situação-de-violência-doméstica.jpg
