{"id":955,"date":"2021-08-19T15:37:20","date_gmt":"2021-08-19T18:37:20","guid":{"rendered":"https:\/\/blog.revenf.org\/wp-content\/uploads\/2021\/08\/Imagem_thumb_Mulheres-e-COVID-19-no-Brasil-o-que-os-dados-j\u00e1-sinalizavam-sobre-as-primeiras-interna\u00e7\u00f5es.jpg"},"modified":"2021-08-19T15:37:20","modified_gmt":"2021-08-19T18:37:20","slug":"imagem_thumb_mulheres-e-covid-19-no-brasil-o-que-os-dados-ja-sinalizavam-sobre-as-primeiras-internacoes-2","status":"inherit","type":"attachment","link":"https:\/\/blog.revenf.org\/en\/imagem_thumb_mulheres-e-covid-19-no-brasil-o-que-os-dados-ja-sinalizavam-sobre-as-primeiras-internacoes-2\/","title":{"rendered":"Imagem_thumb_Mulheres e COVID-19 no Brasil o que os dados j\u00e1 sinalizavam sobre as primeiras interna\u00e7\u00f5es"},"author":1,"featured_media":0,"comment_status":"open","ping_status":"closed","template":"","meta":{"_monsterinsights_skip_tracking":false,"_monsterinsights_sitenote_active":false,"_monsterinsights_sitenote_note":"","_monsterinsights_sitenote_category":0,"_links_to":"","_links_to_target":""},"class_list":["post-955","attachment","type-attachment","status-inherit","hentry"],"aioseo_notices":[],"description":{"rendered":"<p class=\"attachment\"><a href='https:\/\/blog.revenf.org\/wp-content\/uploads\/2021\/08\/Imagem_thumb_Mulheres-e-COVID-19-no-Brasil-o-que-os-dados-j\u00e1-sinalizavam-sobre-as-primeiras-interna\u00e7\u00f5es.jpg'><img loading=\"lazy\" decoding=\"async\" width=\"150\" height=\"90\" src=\"https:\/\/blog.revenf.org\/wp-content\/uploads\/2021\/08\/Imagem_thumb_Mulheres-e-COVID-19-no-Brasil-o-que-os-dados-j\u00e1-sinalizavam-sobre-as-primeiras-interna\u00e7\u00f5es.jpg\" class=\"attachment-medium size-medium\" alt=\"\" \/><\/a><\/p>\n"},"caption":{"rendered":""},"alt_text":"","media_type":"image","mime_type":"image\/jpeg","media_details":{"width":150,"height":90,"file":"2021\/08\/Imagem_thumb_Mulheres-e-COVID-19-no-Brasil-o-que-os-dados-j\u00e1-sinalizavam-sobre-as-primeiras-interna\u00e7\u00f5es.jpg","sizes":{},"image_meta":{"aperture":"0","credit":"","camera":"","caption":"","created_timestamp":"0","copyright":"","focal_length":"0","iso":"0","shutter_speed":"0","title":"","orientation":"1","keywords":[]}},"post":null,"source_url":"https:\/\/blog.revenf.org\/wp-content\/uploads\/2021\/08\/Imagem_thumb_Mulheres-e-COVID-19-no-Brasil-o-que-os-dados-j\u00e1-sinalizavam-sobre-as-primeiras-interna\u00e7\u00f5es.jpg","_links":{"self":[{"href":"https:\/\/blog.revenf.org\/en\/wp-json\/wp\/v2\/media\/955","targetHints":{"allow":["GET"]}}],"collection":[{"href":"https:\/\/blog.revenf.org\/en\/wp-json\/wp\/v2\/media"}],"about":[{"href":"https:\/\/blog.revenf.org\/en\/wp-json\/wp\/v2\/types\/attachment"}],"author":[{"embeddable":true,"href":"https:\/\/blog.revenf.org\/en\/wp-json\/wp\/v2\/users\/1"}],"replies":[{"embeddable":true,"href":"https:\/\/blog.revenf.org\/en\/wp-json\/wp\/v2\/comments?post=955"}]}}

https://blog.revenf.org/wp-content/uploads/2021/08/Imagem_thumb_Mulheres-e-COVID-19-no-Brasil-o-que-os-dados-já-sinalizavam-sobre-as-primeiras-internações.jpg

Imagem_thumb_Mulheres e COVID-19 no Brasil o que os dados já sinalizavam sobre as primeiras internações

<p class="attachment"><a href='https://blog.revenf.org/wp-content/uploads/2021/08/Imagem_thumb_Mulheres-e-COVID-19-no-Brasil-o-que-os-dados-já-sinalizavam-sobre-as-primeiras-internações.jpg'><img loading="lazy" decoding="async" width="150" height="90" src="https://blog.revenf.org/wp-content/uploads/2021/08/Imagem_thumb_Mulheres-e-COVID-19-no-Brasil-o-que-os-dados-já-sinalizavam-sobre-as-primeiras-internações.jpg" class="attachment-medium size-medium" alt="" /></a></p>

2021/08/Imagem_thumb_Mulheres-e-COVID-19-no-Brasil-o-que-os-dados-já-sinalizavam-sobre-as-primeiras-internações.jpg
