{"id":965,"date":"2021-08-27T12:51:39","date_gmt":"2021-08-27T15:51:39","guid":{"rendered":"https:\/\/blog.revenf.org\/wp-content\/uploads\/2021\/08\/Imagem_thumb_Pacientes-com-insufici\u00eancia-card\u00edaca-a-import\u00e2ncia-da-educa\u00e7\u00e3o-em-sa\u00fade-para-o-autocuidado-e-ades\u00e3o-ao-tratamento.jpg"},"modified":"2021-08-27T12:51:39","modified_gmt":"2021-08-27T15:51:39","slug":"imagem_thumb_pacientes-com-insuficiencia-cardiaca-a-importancia-da-educacao-em-saude-para-o-autocuidado-e-adesao-ao-tratamento-2","status":"inherit","type":"attachment","link":"https:\/\/blog.revenf.org\/en\/imagem_thumb_pacientes-com-insuficiencia-cardiaca-a-importancia-da-educacao-em-saude-para-o-autocuidado-e-adesao-ao-tratamento-2\/","title":{"rendered":"Imagem_thumb_Pacientes com insufici\u00eancia card\u00edaca a import\u00e2ncia da educa\u00e7\u00e3o em sa\u00fade para o autocuidado e ades\u00e3o ao tratamento"},"author":1,"featured_media":0,"comment_status":"open","ping_status":"closed","template":"","meta":{"_monsterinsights_skip_tracking":false,"_monsterinsights_sitenote_active":false,"_monsterinsights_sitenote_note":"","_monsterinsights_sitenote_category":0,"_links_to":"","_links_to_target":""},"class_list":["post-965","attachment","type-attachment","status-inherit","hentry"],"aioseo_notices":[],"description":{"rendered":"<p class=\"attachment\"><a href='https:\/\/blog.revenf.org\/wp-content\/uploads\/2021\/08\/Imagem_thumb_Pacientes-com-insufici\u00eancia-card\u00edaca-a-import\u00e2ncia-da-educa\u00e7\u00e3o-em-sa\u00fade-para-o-autocuidado-e-ades\u00e3o-ao-tratamento.jpg'><img loading=\"lazy\" decoding=\"async\" width=\"150\" height=\"90\" src=\"https:\/\/blog.revenf.org\/wp-content\/uploads\/2021\/08\/Imagem_thumb_Pacientes-com-insufici\u00eancia-card\u00edaca-a-import\u00e2ncia-da-educa\u00e7\u00e3o-em-sa\u00fade-para-o-autocuidado-e-ades\u00e3o-ao-tratamento.jpg\" class=\"attachment-medium size-medium\" alt=\"\" \/><\/a><\/p>\n"},"caption":{"rendered":""},"alt_text":"","media_type":"image","mime_type":"image\/jpeg","media_details":{"width":150,"height":90,"file":"2021\/08\/Imagem_thumb_Pacientes-com-insufici\u00eancia-card\u00edaca-a-import\u00e2ncia-da-educa\u00e7\u00e3o-em-sa\u00fade-para-o-autocuidado-e-ades\u00e3o-ao-tratamento.jpg","sizes":{},"image_meta":{"aperture":"0","credit":"","camera":"","caption":"","created_timestamp":"0","copyright":"","focal_length":"0","iso":"0","shutter_speed":"0","title":"","orientation":"1","keywords":[]}},"post":null,"source_url":"https:\/\/blog.revenf.org\/wp-content\/uploads\/2021\/08\/Imagem_thumb_Pacientes-com-insufici\u00eancia-card\u00edaca-a-import\u00e2ncia-da-educa\u00e7\u00e3o-em-sa\u00fade-para-o-autocuidado-e-ades\u00e3o-ao-tratamento.jpg","_links":{"self":[{"href":"https:\/\/blog.revenf.org\/en\/wp-json\/wp\/v2\/media\/965","targetHints":{"allow":["GET"]}}],"collection":[{"href":"https:\/\/blog.revenf.org\/en\/wp-json\/wp\/v2\/media"}],"about":[{"href":"https:\/\/blog.revenf.org\/en\/wp-json\/wp\/v2\/types\/attachment"}],"author":[{"embeddable":true,"href":"https:\/\/blog.revenf.org\/en\/wp-json\/wp\/v2\/users\/1"}],"replies":[{"embeddable":true,"href":"https:\/\/blog.revenf.org\/en\/wp-json\/wp\/v2\/comments?post=965"}]}}

https://blog.revenf.org/wp-content/uploads/2021/08/Imagem_thumb_Pacientes-com-insuficiência-cardíaca-a-importância-da-educação-em-saúde-para-o-autocuidado-e-adesão-ao-tratamento.jpg

Imagem_thumb_Pacientes com insuficiência cardíaca a importância da educação em saúde para o autocuidado e adesão ao tratamento

<p class="attachment"><a href='https://blog.revenf.org/wp-content/uploads/2021/08/Imagem_thumb_Pacientes-com-insuficiência-cardíaca-a-importância-da-educação-em-saúde-para-o-autocuidado-e-adesão-ao-tratamento.jpg'><img loading="lazy" decoding="async" width="150" height="90" src="https://blog.revenf.org/wp-content/uploads/2021/08/Imagem_thumb_Pacientes-com-insuficiência-cardíaca-a-importância-da-educação-em-saúde-para-o-autocuidado-e-adesão-ao-tratamento.jpg" class="attachment-medium size-medium" alt="" /></a></p>

2021/08/Imagem_thumb_Pacientes-com-insuficiência-cardíaca-a-importância-da-educação-em-saúde-para-o-autocuidado-e-adesão-ao-tratamento.jpg
